{"id":345,"date":"2022-02-04T11:07:55","date_gmt":"2022-02-04T10:07:55","guid":{"rendered":"https:\/\/www.hb9lc.ch\/USKA-SEMONE\/?page_id=345"},"modified":"2026-03-03T12:41:19","modified_gmt":"2026-03-03T10:41:19","slug":"commite","status":"publish","type":"page","link":"https:\/\/www.hb9lc.ch\/index.php\/le-club\/commite\/","title":{"rendered":"Comit\u00e9"},"content":{"rendered":"<h3>Le comit\u00e9 de la Semone au 01.01.2026:<\/h3>\n<h3>Pr\u00e9sident+ Archives<\/h3>\n<p>Philippe Metthez<br \/>\n<a href=\"mailto:hb9epm@gmail.com\">HB9EPM<\/a><br \/>\nT\u00eate de Ran 28a<br \/>\n2300 <u>La Chaux-de-Fonds<\/u><\/p>\n<h3>Vice-Pr\u00e9sident<\/h3>\n<p>Marius Lechenne<br \/>\n<a href=\"mailto:petanque2000@bluewin.ch\">HB9FSL<\/a><br \/>\nJeanneret 26<br \/>\n2400 <u>Le Locle<\/u><\/p>\n<h3>Secr\u00e9taire<\/h3>\n<p>Philippe Metthez<br \/>\n<a href=\"mailto:hb9epm@gmail.com\">HB9EPM<\/a><br \/>\nT\u00eate de Ran 28a<br \/>\n2300 <u>La Chaux-de-Fonds<\/u><\/p>\n<h3>Caissier<\/h3>\n<p>Olivier Vall\u00e9lian<br \/>\n<a href=\"mailto:hb9hiw@gmail.com\">HB9HIW<\/a><br \/>\nGrande-rue 27<br \/>\n2316 <span style=\"text-decoration: underline;\">Les Ponts-de-Martel<\/span><\/p>\n<h3>Responsable du local<\/h3>\n<p>Philippe Metthez<br \/>\n<a href=\"mailto:hb9epm@gmail.com\">HB9EPM<\/a><br \/>\nT\u00eate de Ran 28a<br \/>\n2300 <u>La Chaux-de-Fonds<\/u><\/p>\n<h3>Adresse postale du club<\/h3>\n<p>USKA-SEMONE<br \/>\nC\/O Philippe Metthez<br \/>\n<a href=\"mailto:hb9epm@gmail.com\">HB9EPM<\/a><br \/>\nT\u00eate de Ran 28a<br \/>\n2300 <u>La Chaux-de-Fonds<\/u><\/p>\n<h3>Responsables techniques des relais et du site HB9LC<\/h3>\n<p>Sylvio <a href=\"hb9hnu@gmail.com\">HB9HNU<\/a> et Pascal <a href=\"hb9iok@ikmail.com\">HB9IOK<\/a><\/p>\n<h3>QSL Manager<\/h3>\n<p>Poste supprim\u00e9, les QSL seront re\u00e7ues par format \u00e9lectronique via QRZ.com<\/p>\n<h3>Journal et local<\/h3>\n<p>Poste supprim\u00e9e, les articles seront publi\u00e9s sur le site<\/p>\n","protected":false},"excerpt":{"rendered":"<p>Le comit\u00e9 de la Semone au 01.01.2026: Pr\u00e9sident+ Archives Philippe Metthez HB9EPM T\u00eate de Ran 28a 2300 La Chaux-de-Fonds Vice-Pr\u00e9sident Marius Lechenne HB9FSL Jeanneret 26 2400 Le Locle Secr\u00e9taire Philippe Metthez HB9EPM T\u00eate de Ran 28a 2300 La Chaux-de-Fonds Caissier <span class=\"excerpt-dots\">&hellip;<\/span> <a class=\"more-link\" href=\"https:\/\/www.hb9lc.ch\/index.php\/le-club\/commite\/\"><span class=\"more-msg\">Lire la suite &rarr;<\/span><\/a><\/p>\n","protected":false},"author":2,"featured_media":0,"parent":176,"menu_order":0,"comment_status":"closed","ping_status":"closed","template":"","meta":{"footnotes":""},"class_list":["post-345","page","type-page","status-publish","hentry"],"_links":{"self":[{"href":"https:\/\/www.hb9lc.ch\/index.php\/wp-json\/wp\/v2\/pages\/345","targetHints":{"allow":["GET"]}}],"collection":[{"href":"https:\/\/www.hb9lc.ch\/index.php\/wp-json\/wp\/v2\/pages"}],"about":[{"href":"https:\/\/www.hb9lc.ch\/index.php\/wp-json\/wp\/v2\/types\/page"}],"author":[{"embeddable":true,"href":"https:\/\/www.hb9lc.ch\/index.php\/wp-json\/wp\/v2\/users\/2"}],"replies":[{"embeddable":true,"href":"https:\/\/www.hb9lc.ch\/index.php\/wp-json\/wp\/v2\/comments?post=345"}],"version-history":[{"count":8,"href":"https:\/\/www.hb9lc.ch\/index.php\/wp-json\/wp\/v2\/pages\/345\/revisions"}],"predecessor-version":[{"id":1815,"href":"https:\/\/www.hb9lc.ch\/index.php\/wp-json\/wp\/v2\/pages\/345\/revisions\/1815"}],"up":[{"embeddable":true,"href":"https:\/\/www.hb9lc.ch\/index.php\/wp-json\/wp\/v2\/pages\/176"}],"wp:attachment":[{"href":"https:\/\/www.hb9lc.ch\/index.php\/wp-json\/wp\/v2\/media?parent=345"}],"curies":[{"name":"wp","href":"https:\/\/api.w.org\/{rel}","templated":true}]}}

Comité

<h3>Le comité de la Semone au 01.01.2026:</h3>
<h3>Président+ Archives</h3>
<p>Philippe Metthez<br />
<a href="mailto:hb9epm@gmail.com">HB9EPM</a><br />
Tête de Ran 28a<br />
2300 <u>La Chaux-de-Fonds</u></p>
<h3>Vice-Président</h3>
<p>Marius Lechenne<br />
<a href="mailto:petanque2000@bluewin.ch">HB9FSL</a><br />
Jeanneret 26<br />
2400 <u>Le Locle</u></p>
<h3>Secrétaire</h3>
<p>Philippe Metthez<br />
<a href="mailto:hb9epm@gmail.com">HB9EPM</a><br />
Tête de Ran 28a<br />
2300 <u>La Chaux-de-Fonds</u></p>
<h3>Caissier</h3>
<p>Olivier Vallélian<br />
<a href="mailto:hb9hiw@gmail.com">HB9HIW</a><br />
Grande-rue 27<br />
2316 <span style="text-decoration: underline;">Les Ponts-de-Martel</span></p>
<h3>Responsable du local</h3>
<p>Philippe Metthez<br />
<a href="mailto:hb9epm@gmail.com">HB9EPM</a><br />
Tête de Ran 28a<br />
2300 <u>La Chaux-de-Fonds</u></p>
<h3>Adresse postale du club</h3>
<p>USKA-SEMONE<br />
C/O Philippe Metthez<br />
<a href="mailto:hb9epm@gmail.com">HB9EPM</a><br />
Tête de Ran 28a<br />
2300 <u>La Chaux-de-Fonds</u></p>
<h3>Responsables techniques des relais et du site HB9LC</h3>
<p>Sylvio <a href="hb9hnu@gmail.com">HB9HNU</a> et Pascal <a href="hb9iok@ikmail.com">HB9IOK</a></p>
<h3>QSL Manager</h3>
<p>Poste supprimé, les QSL seront reçues par format électronique via QRZ.com</p>
<h3>Journal et local</h3>
<p>Poste supprimée, les articles seront publiés sur le site</p>

<p>Le comité de la Semone au 01.01.2026: Président+ Archives Philippe Metthez HB9EPM Tête de Ran 28a 2300 La Chaux-de-Fonds Vice-Président Marius Lechenne HB9FSL Jeanneret 26 2400 Le Locle Secrétaire Philippe Metthez HB9EPM Tête de Ran 28a 2300 La Chaux-de-Fonds Caissier <span class="excerpt-dots">&hellip;</span> <a class="more-link" href="https://www.hb9lc.ch/index.php/le-club/commite/"><span class="more-msg">Lire la suite &rarr;</span></a></p>
