{"id":342,"date":"2022-02-04T10:56:28","date_gmt":"2022-02-04T09:56:28","guid":{"rendered":"https:\/\/www.hb9lc.ch\/USKA-SEMONE\/?page_id=342"},"modified":"2026-03-03T16:53:10","modified_gmt":"2026-03-03T14:53:10","slug":"status","status":"publish","type":"page","link":"https:\/\/www.hb9lc.ch\/index.php\/le-club\/status\/","title":{"rendered":"Statuts"},"content":{"rendered":"<p style=\"text-align: left;\"><a href=\"https:\/\/www.hb9lc.ch\/wp-content\/uploads\/2022\/03\/Statut-Semone.pdf\">Statuts 1924<\/a><\/p>\n<p>Les statuts du Radio-Club Suisse Section La Chaux-de-Fonds de 1924<\/p>\n<p>\u00ab\u00a0Le 1er novembre 1922, il a \u00e9t\u00e9 fond\u00e9 \u00e0 La Chaux-de-Fonds une soci\u00e9t\u00e9 r\u00e9gie par les articles 60 et suivant du Code civil suisse, laquelle a pris la d\u00e9nomination de &#8211; Radio-Club Suisse &#8211; , section de La Chaux-de-Fonds.\u00a0\u00bb<\/p>\n<p style=\"text-align: left;\"><a href=\"https:\/\/www.hb9lc.ch\/wp-content\/uploads\/2026\/03\/status_hb9lc.pdf\">Statuts la Semone<\/a><\/p>\n<p>Les statuts \u00e0 jour en date<\/p>\n","protected":false},"excerpt":{"rendered":"<p>Statuts 1924 Les statuts du Radio-Club Suisse Section La Chaux-de-Fonds de 1924 \u00ab\u00a0Le 1er novembre 1922, il a \u00e9t\u00e9 fond\u00e9 \u00e0 La Chaux-de-Fonds une soci\u00e9t\u00e9 r\u00e9gie par les articles 60 et suivant du Code civil suisse, laquelle a pris la <span class=\"excerpt-dots\">&hellip;<\/span> <a class=\"more-link\" href=\"https:\/\/www.hb9lc.ch\/index.php\/le-club\/status\/\"><span class=\"more-msg\">Lire la suite &rarr;<\/span><\/a><\/p>\n","protected":false},"author":2,"featured_media":0,"parent":176,"menu_order":0,"comment_status":"closed","ping_status":"closed","template":"","meta":{"footnotes":""},"class_list":["post-342","page","type-page","status-publish","hentry"],"_links":{"self":[{"href":"https:\/\/www.hb9lc.ch\/index.php\/wp-json\/wp\/v2\/pages\/342","targetHints":{"allow":["GET"]}}],"collection":[{"href":"https:\/\/www.hb9lc.ch\/index.php\/wp-json\/wp\/v2\/pages"}],"about":[{"href":"https:\/\/www.hb9lc.ch\/index.php\/wp-json\/wp\/v2\/types\/page"}],"author":[{"embeddable":true,"href":"https:\/\/www.hb9lc.ch\/index.php\/wp-json\/wp\/v2\/users\/2"}],"replies":[{"embeddable":true,"href":"https:\/\/www.hb9lc.ch\/index.php\/wp-json\/wp\/v2\/comments?post=342"}],"version-history":[{"count":10,"href":"https:\/\/www.hb9lc.ch\/index.php\/wp-json\/wp\/v2\/pages\/342\/revisions"}],"predecessor-version":[{"id":1827,"href":"https:\/\/www.hb9lc.ch\/index.php\/wp-json\/wp\/v2\/pages\/342\/revisions\/1827"}],"up":[{"embeddable":true,"href":"https:\/\/www.hb9lc.ch\/index.php\/wp-json\/wp\/v2\/pages\/176"}],"wp:attachment":[{"href":"https:\/\/www.hb9lc.ch\/index.php\/wp-json\/wp\/v2\/media?parent=342"}],"curies":[{"name":"wp","href":"https:\/\/api.w.org\/{rel}","templated":true}]}}